a.
3, 5, 11
Let l = -5 + 7. List the prime factors of 12936/108 - l/(-9).
2, 3, 5
Let j(n) = 5*n**2 - 5*n + 9. Let z(i) = i**2. Let w(k) = -j(k) + 6*z(k). List the prime factors of w(8).
5, 19
Suppose -3*u + 1347 = -2*u + 5*y, 3*u - 3941 = 5*y. List the prime factors of u.
2, 661
Let o be (4/(-4))/(1/(-22)). Let i = o - 20. Suppose -3*l = -15, i*r - 62 = r - 2*l. List the prime factors of r.
2, 13
Suppose -3*v = -2*v - 236. What are the prime factors of v?
2, 59
Let q = -29 - -40. Let g(r) = 4*r - 7. Let t(k) = -4*k + 8. Let a(o) = 5*g(o) + 4*t(o). List the prime factors of a(q).
41
Let d = -856 - -1635. List the prime factors of d.
19, 41
Suppose 0 = -3*f - 3*k + 159, 4*f = f - 4*k + 156. Suppose -5*j + x + 115 = -j, -2*j + 41 = 5*x. Let q = f - j. What are the prime factors of q?
2, 7
Let f(u) be the second derivative of u**4/12 - 17*u**3/6 - 7*u**2/2 - 37*u. List the prime factors of f(-8).
193
Suppose f - i - 1421 - 293 = 0, -4*i = 5*f - 8579. What are the prime factors of f?
5, 7
Let t(r) = 389*r**2 + 1 + 6*r - 387*r**2 - 4 + 2. Suppose -b = 2*b + 15. What are the prime factors of t(b)?
19
Let p be 22/10 + 12/(-60). Suppose 5*n + 4*x = -411, -n + 0*x - 85 = -p*x. Let j = n + 139. What are the prime factors of j?
2, 7
Suppose 11 = 4*m - 13. Suppose d - 96 = 2*j - m*j, 0 = j + 5*d - 24. Let o = j + -13. List the prime factors of o.
11
Suppose -14*o + 17*o = 231. List the prime factors of o.
7, 11
Suppose 4*q = -5*f + 10 + 19, -12 = 3*q. Suppose -10*r + 137 = -f*r. What are the prime factors of r?
137
Let f = -736 - -1241. What are the prime factors of f?
5, 101
Let v = 19 - 20. Let j = v + 38. List the prime factors of j.
37
Suppose 1838 = 6*o - 886. List the prime factors of o.
2, 227
Suppose -5*b + 10 = -4*o - 61, 0 = -2*o + 4*b - 28. List the prime factors of (-3)/o + 376/64.
2, 3
Let u = 18 + -17. List the prime factors of 33 - ((2 - (2 - u)) + -2).
2, 17
Let g = -1 - -4. Suppose 7*v = g*v + 20. Suppose v*t - 4*j + 8*j - 114 = 0, 0 = t - 5*j - 46. What are the prime factors of t?
2, 13
Suppose 2*v = 5*b + 66, b = v - 0*b - 30. Suppose 0 = t - 5*t - v. List the prime factors of t*-2*(-5)/(-2).
5, 7
Suppose -14 = -3*d + z, -d + 4*z = -14 - 9. Suppose d*a - 6 = a. Suppose -3*t - a*o + 48 = -0*t, o + 60 = 3*t. List the prime factors of t.
19
List the prime factors of 4/(2*(-1 - -2)) - -766.
2, 3
Let u(f) = -f**2 - 9*f - 7. Let z be u(-6). Suppose 8*d = z*d - 180. What are the prime factors of d?
2, 3, 5
List the prime factors of (1 - -1 - 55)*(-1 + -15).
2, 53
Let z(w) = w**3 - 9*w**2 + 6*w. Let y be z(7). Let s = -21 - y. What are the prime factors of s?
5, 7
Let j(t) = -2*t + 80. Suppose 8*o = -8*o. List the prime factors of j(o).
2, 5
Suppose -33 = 4*l + 19. Let j = l + 18. Suppose -j*g + 6*x + 150 = x, -4*g + x + 120 = 0. What are the prime factors of g?
2, 3, 5
List the prime factors of 8 - ((-133035)/98 + 6/(-4)).
1367
What are the prime factors of (-6 + 4 - 12)/((-10)/1735)?
7, 347
Suppose -5*q - 23872 = -21*q. What are the prime factors of q?
2, 373
Let d be ((-1)/(-2))/((2/(-8))/(-1)). Suppose -d*z - 4 = -46. List the prime factors of z.
3, 7
Suppose -5*j - 7 = -3*a, 0*a = -5*a - 5*j - 15. Let g(p) = 130*p**2 - 4*p - 2. What are the prime factors of g(a)?
2, 3, 11
Let k = 4154 - 2714. What are the prime factors of k?
2, 3, 5
Let m = -26 + 45. Suppose -5*p - 29 = -4, 3*g - 2*p = m. Suppose 2 = -g*b + 14, -2*b = -5*q + 42. List the prime factors of q.
2, 5
Suppose 716 = -4*a + 2228. What are the prime factors of a?
2, 3, 7
Let x = -3 + -3. Let w = 8 + x. Suppose 0 = -w*j - j + 15. List the prime factors of j.
5
Suppose 2*z + 46 = 4*p, -10 = -p + 2*z - 0*z. Let j(y) = y**2 - 12*y - 1. Let o be j(p). List the prime factors of -4 - 2*29/o.
2, 3
Suppose -4*y = -0 - 176. Let c = 83 - y. List the prime factors of c.
3, 13
Let o(x) = x. Let f(s) = s + 1. Let h(j) = f(j) - 6*o(j). Let m be h(-5). What are the prime factors of (-1)/(-2) - (-1781)/m?
3, 23
Suppose 6*o = -1183 + 26599. What are the prime factors of o?
2, 3, 353
Suppose 6*i - 5*i = 24. Let g = i - -10. What are the prime factors of g?
2, 17
Let j(s) = -s**3 - 7*s**2 + 3*s + 9. Suppose -p = 5*o - 24, -4*p + 20 = 3*o - 2*o. Suppose -o*r = r + 40. What are the prime factors of j(r)?
7
Let v(q) = 2*q**2 - 13*q - 12. Suppose 3*z = -4*z - 35. What are the prime factors of v(z)?
103
Suppose -180 = -32*q + 11276. What are the prime factors of q?
2, 179
Let t(p) = -p**3 + 7*p**2 + p + 5. Suppose 2*d = 5*y - 72, -4*y + 27 + 33 = -4*d. Suppose 2*f - y = -2. List the prime factors of t(f).
47
Let m(o) = 5*o**2 + 24*o + 253. What are the prime factors of m(-20)?
3, 197
Let i = 6 + -6. Suppose i = -4*s + 6*s. Suppose 4*h - h - 4*a - 91 = s, -a = -h + 30. List the prime factors of h.
29
Let p(m) = -m**3 - 16*m**2 - 15*m + 4. Let t be p(-15). Let c be -23 + 2/t*4. What are the prime factors of (-456)/c + 2/7?
2, 11
Let b be -4 + -2 + (-1 - 955). Let t(l) = l**3 - 6*l**2 + l - 5. Let k be t(6). What are the prime factors of (k/2)/((-13)/b)?
37
Suppose -12 = 2*l - 22. Suppose -5*o + o = -4*h, l*h + 10 = 0. What are the prime factors of -3 + 3 - (-26 - o)?
2, 3
Let z(w) = -894*w + 31. List the prime factors of z(-5).
7, 643
Let z(s) = 3*s**2 + 6*s - 2. Let t be 0 + (-6)/27 - (-156)/(-27). List the prime factors of z(t).
2, 5, 7
Let x = -244 + 493. What are the prime factors of x?
3, 83
Let j be 4*(2 - (-4)/(-4)). What are the prime factors of -17*j*(-5)/2?
2, 5, 17
Let j(w) = 6*w**2 - 2*w**3 - 4*w**3 + 5 + 0 + 7*w + 5*w**3. Let q be j(7). Suppose -q*k + 2 = -218. List the prime factors of k.
2, 11
Suppose 2150 = 5*w - 545. What are the prime factors of w?
7, 11
Let t(k) = -k**2 + 8*k - 6. Let g be t(7). Suppose -5*l + g = 2*r - 44, 4 = 4*l. List the prime factors of r.
2, 5
List the prime factors of (-113)/(8/(-520)*5).
13, 113
List the prime factors of (0 - -3) + 0/(-6 - -9).
3
Let g(w) = -2*w**3 + 14*w**2 - 10*w + 6. Let k be g(9). List the prime factors of (k/(-9) - -6)/(4/6).
7, 11
List the prime factors of (24/(-1))/(32/33 + -1).
2, 3, 11
List the prime factors of (-144)/15*1*105/(-2).
2, 3, 7
Suppose 0 = -v - 3*v + 328. Let k = v - 56. Let z = k - 17. What are the prime factors of z?
3
Let o(f) = 2*f**3 - 43*f**2 + 20*f + 21. Let n be o(21). Suppose n*z - 14*z = -1316. What are the prime factors of z?
2, 47
Suppose 0 = -7*x + 3*x + 16. Suppose -2 = d - g - 1, -2*d - 2 = x*g. List the prime factors of (-1 - -62)*d/(-1).
61
Let h = -4076 - -8663. List the prime factors of h.
3, 11, 139
Suppose 4*g = -2*o + 5720, o + 3*o - 7156 = -5*g. What are the prime factors of g?
2, 3, 7, 17
Let p(w) be the third derivative of 19/24*w**4 + 0*w + 0 - 1/60*w**5 - 23/6*w**3 - 5*w**2. List the prime factors of p(14).
47
Let k(r) be the third derivative of -r**5/60 + 5*r**4/24 + 5*r**3/6 - 2*r**2. List the prime factors of k(4).
3
Let b be (-2)/3*(-36)/24. Let g = 116 - b. List the prime factors of g.
5, 23
Let z(o) = o**3 - 16*o**2 - 16*o - 20. Let u be z(17). What are the prime factors of 1/(u + 304/100)?
5
Suppose -r - 236 - 196 = -2*n, -n = 5*r - 227. List the prime factors of n.
7, 31
Let l = -742 + 2867. List the prime factors of l.
5, 17
Let w(c) = 47*c**2 + 12*c. Let m be w(12). Suppose m = -i - 3*i. What are the prime factors of 2/11 + i/(-176)?
2, 5
Suppose 0 = 4*g + 5*x - 6, 2*x + 0*x - 8 = -3*g. Suppose 0 = 2*r - 3*r - g. List the prime factors of 1 - (8/r - 0).
3
Let o(u) = u - 22. Let t be o(7). Let h be 216/(0 - 2) - 2. What are the prime factors of h/4*12/t?
2, 11
Let r = -48 - -137. Let u = -48 + r. List the prime factors of u.
41
Let u(v) = v**2 + 5*v - 10. Let r be u(-7). Suppose -r*i + w + 125 = 0, -i - 105 = -4*i - 3*w. What are the prime factors of i?
2
Suppose 554 + 160 = 2*d. What are the prime factors of d/(-21)*(1 + -4)?
3, 17
Let q = 797 + 110. What are the prime factors of q?
907
Let z(p) = 3*p**2 + 1. Let h be z(-1). Suppose 3*s + 24 = 3*r - 0*s, 4*r + h = -5*s. Suppose 5*b + 1 = -4, 28 = r*t + 4*b. What are the prime factors of t?
2
Let n(l) = l**3 + 6*l**2 - 7*l + 1. Let x be n(-7). Let h(u) = 178*u**3 - u**2 - u + 1. What are the prime factors of h(x)?
3, 59
Suppose 11*l = 10*l + 350. List the prime factors of l.
2, 5, 7
Let j be (-1*(1 - -2))/(14 - 15). Suppose w - y - 15 =